{"id":83,"date":"2010-10-05T12:48:32","date_gmt":"2010-10-05T11:48:32","guid":{"rendered":"http:\/\/littlevillage.de\/?page_id=83"},"modified":"2025-03-31T22:14:51","modified_gmt":"2025-03-31T21:14:51","slug":"uber-mich","status":"publish","type":"page","link":"https:\/\/www.littlevillage.de\/?page_id=83","title":{"rendered":"\u00dcber mich"},"content":{"rendered":"<p>Isabelle Buckow, gebore<strong><a href=\"..\/wp-content\/uploads\/2010\/10\/isa.jpg\"><img loading=\"lazy\" decoding=\"async\" class=\"alignleft size-medium wp-image-161\" title=\"isa\" src=\"..\/wp-content\/uploads\/2010\/10\/isa-300x255.jpg\" alt=\"\" width=\"151\" height=\"126\" \/><\/a><\/strong>n 1985, ist Bachelor-Absolventin der Universit\u00e4t Bielefeld und Master-Absolventin der Universit\u00e4t Hamburg.<\/p>\n<p><strong>DAS PROJEKT<\/strong><\/p>\n<p>Drei Monate Afrika, Sonne, trockenes weites Land, rote Erde, wilde Tiere, und ich mittendrin. Jahrelang hatte ich davon getr\u00e4umt, einmal nach Afrika zu reisen. Doch fehlte das Geld, Zeit und vor allem ein konkreter Plan. Einfach nur nach Afrika zu fliegen, als Tourist in Windeseile Sehensw\u00fcrdigkeiten abzuarbeiten, eine Safari zu machen und wieder nach Hause fahren, das war es mir nicht wert. Ich wollte mehr, ich wollte das Land, seine Kultur und die Menschen besser kennen lernen. Vor allem aber wollte ich den Menschen vor Ort helfen, mich irgendwie n\u00fctzlich machen.<\/p>\n<p>Als mir ein Bekannter im Dezember 2009 erz\u00e4hlte, dass er f\u00fcr mehrere Monate nach Zimbabwe gehen w\u00fcrde, wurde ich hellh\u00f6rig. Ich erz\u00e4hlte ihm, dass ich auch gerne einmal nach Afrika reisen w\u00fcrde und er schlug mir vor, es doch einmal bei deutschen Institutionen wie dem Goethe-Institut zu versuchen. Also bewarb ich mich beim Goethe-Zentrum in Zimbabwe und beim Goethe-Institut in Johannesburg. Nach kurzer Wartezeit bekam ich vom Goethe-Zentrum in Harare eine Zusage, ich freute mich sehr.<\/p>\n<p>Ganze zwei Monate lang (von Oktober bis Dezember) werde ich jetzt als Praktikantin die Arbeit des Goethe-Zentrums unterst\u00fctzen, eigene Projekte betreuen, kulturelle Veranstaltungen vorbereiten und \u00fcberall dort aushelfen, wo meine Hilfe gebraucht wird. Den dritten Monat habe ich f\u00fcr mich zum Reisen reserviert.<\/p>\n","protected":false},"excerpt":{"rendered":"<p>Isabelle Buckow, geboren 1985, ist Bachelor-Absolventin der Universit\u00e4t Bielefeld und Master-Absolventin der Universit\u00e4t Hamburg. DAS PROJEKT Drei Monate Afrika, Sonne, trockenes weites Land, rote Erde, wilde Tiere, und ich mittendrin. Jahrelang hatte ich davon getr\u00e4umt, einmal nach Afrika zu reisen. Doch fehlte das Geld, Zeit und vor allem ein konkreter Plan. Einfach nur nach Afrika &hellip; <\/p>\n<p><a class=\"more-link btn\" href=\"https:\/\/www.littlevillage.de\/?page_id=83\">Weiterlesen<\/a><\/p>\n","protected":false},"author":1,"featured_media":0,"parent":0,"menu_order":0,"comment_status":"closed","ping_status":"closed","template":"","meta":{"footnotes":""},"class_list":["post-83","page","type-page","status-publish","hentry","nodate","item-wrap"],"_links":{"self":[{"href":"https:\/\/www.littlevillage.de\/index.php?rest_route=\/wp\/v2\/pages\/83","targetHints":{"allow":["GET"]}}],"collection":[{"href":"https:\/\/www.littlevillage.de\/index.php?rest_route=\/wp\/v2\/pages"}],"about":[{"href":"https:\/\/www.littlevillage.de\/index.php?rest_route=\/wp\/v2\/types\/page"}],"author":[{"embeddable":true,"href":"https:\/\/www.littlevillage.de\/index.php?rest_route=\/wp\/v2\/users\/1"}],"replies":[{"embeddable":true,"href":"https:\/\/www.littlevillage.de\/index.php?rest_route=%2Fwp%2Fv2%2Fcomments&post=83"}],"version-history":[{"count":1,"href":"https:\/\/www.littlevillage.de\/index.php?rest_route=\/wp\/v2\/pages\/83\/revisions"}],"predecessor-version":[{"id":305,"href":"https:\/\/www.littlevillage.de\/index.php?rest_route=\/wp\/v2\/pages\/83\/revisions\/305"}],"wp:attachment":[{"href":"https:\/\/www.littlevillage.de\/index.php?rest_route=%2Fwp%2Fv2%2Fmedia&parent=83"}],"curies":[{"name":"wp","href":"https:\/\/api.w.org\/{rel}","templated":true}]}}